8
Calculate the remainder when 228031914 is divided by 422.
416
What is the remainder when 10661076 is divided by 5330435?
206
Calculate the remainder when 29249270 is divided by 105593.
9
Calculate the remainder when 11150006 is divided by 7727.
7672
What is the remainder when 2091045 is divided by 663?
606
What is the remainder when 1264053 is divided by 25?
3
What is the remainder when 4697215 is divided by 783?
781
What is the remainder when 9152573 is divided by 10870?
33
Calculate the remainder when 1039010 is divided by 148423.
49
What is the remainder when 648523 is divided by 20260?
203
What is the remainder when 31595934 is divided by 1256?
1254
What is the remainder when 862560 is divided by 215619?
84
What is the remainder when 2008993 is divided by 251082?
337
Calculate the remainder when 340644 is divided by 1852.
1728
What is the remainder when 413413 is divided by 241?
98
What is the remainder when 365454 is divided by 1078?
12
What is the remainder when 88858880 is divided by 79?
75
What is the remainder when 2633631 is divided by 4076?
535
Calculate the remainder when 34010166 is divided by 31.
4
What is the remainder when 17046 is divided by 14589?
2457
Calculate the remainder when 436615 is divided by 1470.
25
What is the remainder when 28812 is divided by 4622?
1080
Calculate the remainder when 369078 is divided by 92.
66
What is the remainder when 87917053 is divided by 385?
378
What is the remainder when 64561455 is divided by 13?
10
What is the remainder when 2740666 is divided by 151?
16
What is the remainder when 2780763 is divided by 13369?
11
What is the remainder when 202636 is divided by 635?
71
Calculate the remainder when 164805791 is divided by 12.
11
Calculate the remainder when 441427 is divided by 3679.
3626
Calculate the remainder when 8672318 is divided by 574.
326
What is the remainder when 116751 is divided by 8961?
258
Calculate the remainder when 24240 is divided by 638.
634
Calculate the remainder when 9284 is divided by 3065.
89
What is the remainder when 43684327 is divided by 2508?
2491
Calculate the remainder when 18225631 is divided by 62.
49
What is the remainder when 180920 is divided by 497?
12
What is the remainder when 1737456 is divided by 28957?
36
Calculate the remainder when 177008 is divided by 1331.
1316
What is the remainder when 1669112 is divided by 28?
4
What is the remainder when 65864 is divided by 3011?
2633
Calculate the remainder when 19483980 is divided by 283.
279
Calculate the remainder when 344341 is divided by 22936.
301
What is the remainder when 29079 is divided by 9491?
606
Calculate the remainder when 3926864 is divided by 654477.
2
Calculate the remainder when 1153616 is divided by 384018.
1562
What is the remainder when 2344489 is divided by 260498?
7
What is the remainder when 370463 is divided by 96?
95
What is the remainder when 43618 is divided by 21664?
290
What is the remainder when 1529304 is divided by 6?
0
What is the remainder when 2175606 is divided by 4144?
6
What is the remainder when 43177 is divided by 20756?
1665
What is the remainder when 14091 is divided by 3259?
1055
Calculate the remainder when 420823 is divided by 2697.
91
What is the remainder when 717808463 is divided by 261?
260
What is the remainder when 6746405 is divided by 589?
588
Calculate the remainder when 15824874 is divided by 85.
84
Calculate the remainder when 218677 is divided by 344.
237
What is the remainder when 245277 is divided by 25?
2
What is the remainder when 39517 is divided by 1392?
541
What is the remainder when 1001063 is divided by 14?
7
Calculate the remainder when 11912684 is divided by 1985333.
686
What is the remainder when 107152295 is divided by 111?
110
What is the remainder when 6914761 is divided by 1704?
1633
Calculate the remainder when 131156 is divided by 67.
37
What is the remainder when 4372827 is divided by 139?
26
What is the remainder when 386353 is divided by 385224?
1129
What is the remainder when 1690867 is divided by 248?
3
What is the remainder when 7410599 is divided by 641?
639
Calculate the remainder when 154030 is divided by 51072.
814
What is the remainder when 49374 is divided by 2537?
1171
Calculate the remainder when 224846117 is divided by 199.
196
Calculate the remainder when 5184648 is divided by 723.
15
Calculate the remainder when 369294 is divided by 168.
30
What is the remainder when 41414901 is divided by 79?
20
Calculate the remainder when 2778662 is divided by 66.
62
Calculate the remainder when 1136548 is divided by 1135683.
865
Calculate the remainder when 603132 is divided by 194.
180
Calculate the remainder when 8864730 is divided by 83.
81
What is the remainder when 462151482 is divided by 236?
234
Calculate the remainder when 530555 is divided by 3324.
2039
Calculate the remainder when 85408 is divided by 2519.
2281
What is the remainder when 114945581 is divided by 208?
205
Calculate the remainder when 26115 is divided by 3570.
1125
What is the remainder when 1209183 is divided by 604590?
3
What is the remainder when 2623003 is divided by 907?
866
Calculate the remainder when 268092 is divided by 26771.
382
Calculate the remainder when 3457118 is divided by 1728559.
0
Calculate the remainder when 28291136 is divided by 18.
14
What is the remainder when 897833726 is divided by 704?
702
What is the remainder when 1240546 is divided by 315?
76
What is the remainder when 1466232 is divided by 1465637?
595
Calculate the remainder when 2055674 is divided by 4953.
179
What is the remainder when 93641959 is divided by 86?
85
Calculate the remainder when 259768 is divided by 900.
568
What is the remainder when 10031691 is divided by 217?
215
Calculate the remainder when 108380 is divided by 1594.
1582
What is the remainder when 80982 is divided by 5031?
486
Calculate the remainder when 2302667 is divided by 21.
17
What is the remainder when 33612 is divided by 3122?
2392
What is the remainder when 105064 is divided by 17510?
4
What is the remainder when 2215373 is divided by 7?
6
What is the remainder when 1588839 is divided by 2153?
2078
What is the remainder when 7409411 is divided by 11?
9
Calculate the remainder when 8018155 is divided by 4009067.
21
Calculate the remainder when 86164786 is divided by 42.
22
Calculate the remainder when 181202089 is divided by 411.
409
What is the remainder when 432482 is divided by 180?
122
Calculate the remainder when 3803 is divided by 3696.
107
Calculate the remainder when 158590 is divided by 822.
766
What is the remainder when 113865 is divided by 12586?
591
What is the remainder when 72253 is divided by 70812?
1441
What is the remainder when 553302 is divided by 258?
150
What is the remainder when 140857856 is divided by 402451?
6
Calculate the remainder when 438054751 is divided by 161.
155
Calculate the remainder when 25083901 is divided by 22.
7
What is the remainder when 42085 is divided by 8?
5
What is the remainder when 4848534 is divided by 144?
54
What is the remainder when 78990 is divided by 17?
8
Calculate the remainder when 140198 is divided by 9921.
1304
Calculate the remainder when 28983895 is divided by 98.
3
Calculate the remainder when 444937 is divided by 322.
255
What is the remainder when 36086199 is divided by 177?
147
Calculate the remainder when 58412 is divided by 7743.
4211
Calculate the remainder when 2433718 is divided by 912.
502
What is the remainder when 207768 is divided by 3?
0
Calculate the remainder when 19868975 is divided by 413.
371
Calculate the remainder when 2770570 is divided by 923517.
19
Calculate the remainder when 18978 is divided by 3028.
810
Calculate the remainder when 129393 is divided by 1487.
24
Calculate the remainder when 2452471 is divided by 545.
516
Calculate the remainder when 57979 is divided by 109.
100
What is the remainder when 575943 is divided by 317?
271
What is the remainder when 1608839 is divided by 144?
71
What is the remainder when 1253044 is divided by 313213?
192
Calculate the remainder when 245964801 is divided by 7.
5
Calculate the remainder when 291244 is divided by 36390.
124
What is the remainder when 108732 is divided by 18117?
30
Calculate the remainder when 10005 is divided by 9428.
577
What is the re